{"id":58,"date":"2024-12-26T13:32:16","date_gmt":"2024-12-26T12:32:16","guid":{"rendered":"https:\/\/www.mergem.be\/?page_id=58"},"modified":"2024-12-26T21:49:16","modified_gmt":"2024-12-26T20:49:16","slug":"qui-sommes-nous","status":"publish","type":"page","link":"https:\/\/www.mergem.be\/index.php\/qui-sommes-nous\/","title":{"rendered":"Qui sommes nous?"},"content":{"rendered":"\n<p>Cr\u00e9e en janvier 2000, l&rsquo;ASBL Mergem aide les plus d\u00e9munis en Roumanie dans un esprit de partenariat en partant de la demande d\\&rsquo;aide sur place.\\<\/p>\n\n\n\n<p><strong>Partir de la demande des personnes sur le terrain<\/strong>\\<\/p>\n\n\n\n<p>Quand nous aidons, nous partons\u00a0de la demande des personnes sur le terrain et pas de nos propres d\u00e9sirs.<\/p>\n\n\n\n<p>Mais avec l\u2019exp\u00e9rience sur le terrain, on a remarqu\u00e9 que les demandes des personnes roumaines en difficult\u00e9 doivent \u00eatre discern\u00e9es (creus\u00e9es) avec eux \u2026 un discernement avec eux. Souvent derri\u00e8re \u00ab\u00a0je veux une maison\u00a0\u00bb\u00a0; qu\u2019est-ce qu\u2019il se cache\u00a0? \u2026je veux de la s\u00e9curit\u00e9\u00a0? \u2026 je veux \u00eatre aim\u00e9\u00a0?<\/p>\n\n\n\n<p><strong>Travailler avec des locaux<\/strong><\/p>\n\n\n\n<p>Il est essentiel pour nous de travailler en partenariat avec des gens ou des associations locales qui connaissent bien&nbsp;le terrain pour faciliter le suivi des projets et assurer l\u2019aide plus efficace.<\/p>\n\n\n\n<p><strong>Aider les plus pauvres<\/strong><\/p>\n\n\n\n<p>Mergem veut veut aider les plus pauvres quel que soit le type de pauvret\u00e9&nbsp;: mat\u00e9riel, familial, sant\u00e9 et psychologique. On aide les plus petits\/pauvres donc on accueille aussi les petits de la soci\u00e9t\u00e9 pour nous aider.<\/p>\n\n\n\n<p><strong>Promouvoir une image positive de la Roumanie<\/strong><\/p>\n\n\n\n<p><strong>Mergem iube\u0219te Rom\u00e2nia.<\/strong><\/p>\n\n\n\n<p>Nous avons en commun notre amour pour la Roumanie et pour tous ceux qui y habitent, des gens chaleureux et gentils, mais qui doivent se battre toujours avec la faim, le froid, l\u2019inqui\u00e9tude du lendemain\u2026 Nous sommes d\u00e9cid\u00e9s \u00e0 leur faire oublier leurs soucis en essayant d\u2019amener un peu de lumi\u00e8re dans leurs vies. Mergem a parcouru un long chemin et a d\u00e9j\u00e0 r\u00e9ussi beaucoup de projets avec votre soutien.<\/p>\n\n\n\n<p>Plus que jamais, l\u2019association compte sur vous pour l\u2019aidez-nous \u00e0 accomplir son objectif d\u2019\u00eatre aupr\u00e8s des plus d\u00e9munis de Roumanie et de les faire sourire, m\u00eame pour une journ\u00e9e.<\/p>\n\n\n\n<p><strong>Respecter la destination des dons demand\u00e9e par le donateur&nbsp;<\/strong><\/p>\n\n\n\n<p>Mergem fonctionne essentiellement gr\u00e2ce \u00e0 vos dons. Si vous d\u00e9sirez nous soutenir ou soutenir particuli\u00e8rement un de nos projets, on respecte toujours la destination du don demand\u00e9e par le donateur.<\/p>\n","protected":false},"excerpt":{"rendered":"<p>Cr\u00e9e en janvier 2000, l&rsquo;ASBL Mergem aide les plus d\u00e9munis en Roumanie dans un esprit de partenariat en partant de la demande d\\&rsquo;aide sur place.\\ Partir de la demande des personnes sur le terrain\\ Quand nous aidons, nous partons\u00a0de la demande des personnes sur le terrain et pas de nos propres d\u00e9sirs. Mais avec l\u2019exp\u00e9rience [&hellip;]<\/p>\n","protected":false},"author":1,"featured_media":0,"parent":0,"menu_order":0,"comment_status":"closed","ping_status":"closed","template":"","meta":{"footnotes":""},"class_list":["post-58","page","type-page","status-publish","czr-hentry"],"_links":{"self":[{"href":"https:\/\/www.mergem.be\/index.php\/wp-json\/wp\/v2\/pages\/58","targetHints":{"allow":["GET"]}}],"collection":[{"href":"https:\/\/www.mergem.be\/index.php\/wp-json\/wp\/v2\/pages"}],"about":[{"href":"https:\/\/www.mergem.be\/index.php\/wp-json\/wp\/v2\/types\/page"}],"author":[{"embeddable":true,"href":"https:\/\/www.mergem.be\/index.php\/wp-json\/wp\/v2\/users\/1"}],"replies":[{"embeddable":true,"href":"https:\/\/www.mergem.be\/index.php\/wp-json\/wp\/v2\/comments?post=58"}],"version-history":[{"count":2,"href":"https:\/\/www.mergem.be\/index.php\/wp-json\/wp\/v2\/pages\/58\/revisions"}],"predecessor-version":[{"id":134,"href":"https:\/\/www.mergem.be\/index.php\/wp-json\/wp\/v2\/pages\/58\/revisions\/134"}],"wp:attachment":[{"href":"https:\/\/www.mergem.be\/index.php\/wp-json\/wp\/v2\/media?parent=58"}],"curies":[{"name":"wp","href":"https:\/\/api.w.org\/{rel}","templated":true}]}}

<p>Crée en janvier 2000, l&rsquo;ASBL Mergem aide les plus démunis en Roumanie dans un esprit de partenariat en partant de la demande d\&rsquo;aide sur place.\</p>



<p><strong>Partir de la demande des personnes sur le terrain</strong>\</p>



<p>Quand nous aidons, nous partons de la demande des personnes sur le terrain et pas de nos propres désirs.</p>



<p>Mais avec l’expérience sur le terrain, on a remarqué que les demandes des personnes roumaines en difficulté doivent être discernées (creusées) avec eux … un discernement avec eux. Souvent derrière « je veux une maison » ; qu’est-ce qu’il se cache ? …je veux de la sécurité ? … je veux être aimé ?</p>



<p><strong>Travailler avec des locaux</strong></p>



<p>Il est essentiel pour nous de travailler en partenariat avec des gens ou des associations locales qui connaissent bien&nbsp;le terrain pour faciliter le suivi des projets et assurer l’aide plus efficace.</p>



<p><strong>Aider les plus pauvres</strong></p>



<p>Mergem veut veut aider les plus pauvres quel que soit le type de pauvreté&nbsp;: matériel, familial, santé et psychologique. On aide les plus petits/pauvres donc on accueille aussi les petits de la société pour nous aider.</p>



<p><strong>Promouvoir une image positive de la Roumanie</strong></p>



<p><strong>Mergem iubește România.</strong></p>



<p>Nous avons en commun notre amour pour la Roumanie et pour tous ceux qui y habitent, des gens chaleureux et gentils, mais qui doivent se battre toujours avec la faim, le froid, l’inquiétude du lendemain… Nous sommes décidés à leur faire oublier leurs soucis en essayant d’amener un peu de lumière dans leurs vies. Mergem a parcouru un long chemin et a déjà réussi beaucoup de projets avec votre soutien.</p>



<p>Plus que jamais, l’association compte sur vous pour l’aidez-nous à accomplir son objectif d’être auprès des plus démunis de Roumanie et de les faire sourire, même pour une journée.</p>



<p><strong>Respecter la destination des dons demandée par le donateur&nbsp;</strong></p>



<p>Mergem fonctionne essentiellement grâce à vos dons. Si vous désirez nous soutenir ou soutenir particulièrement un de nos projets, on respecte toujours la destination du don demandée par le donateur.</p>

<p>Crée en janvier 2000, l&rsquo;ASBL Mergem aide les plus démunis en Roumanie dans un esprit de partenariat en partant de la demande d\&rsquo;aide sur place.\ Partir de la demande des personnes sur le terrain\ Quand nous aidons, nous partons de la demande des personnes sur le terrain et pas de nos propres désirs. Mais avec l’expérience [&hellip;]</p>
